What is the tens digit of 974301534?
3
What is the ten millions digit of 154352736?
5
What is the ten thousands digit of 669300907?
0
What is the units digit of 417363730?
0
What is the hundreds digit of 152132942?
9
What is the millions digit of 5743841?
5
What is the ten thousands digit of 71057927?
5
What is the thousands digit of 931249994?
9
What is the millions digit of 64735403?
4
What is the billions digit of 2469103582?
2
What is the hundred thousands digit of 1588792679?
7
What is the ten thousands digit of 69636878?
3
What is the hundred thousands digit of 96496309?
4
What is the millions digit of 2826656687?
6
What is the units digit of 43047232?
2
What is the ten thousands digit of 871180175?
8
What is the units digit of 749103734?
4
What is the millions digit of 447366712?
7
What is the millions digit of 146160652?
6
What is the ten millions digit of 39151771?
3
What is the millions digit of 529965678?
9
What is the hundred thousands digit of 120330574?
3
What is the tens digit of 45700672?
7
What is the thousands digit of 1391626570?
6
What is the hundred thousands digit of 5948290143?
2
What is the units digit of 1012151909?
9
What is the ten thousands digit of 793557328?
5
What is the ten thousands digit of 282242451?
4
What is the ten thousands digit of 68634357?
3
What is the ten millions digit of 1494005681?
9
What is the ten thousands digit of 221081569?
8
What is the millions digit of 35620958?
5
What is the tens digit of 556063628?
2
What is the tens digit of 26967392?
9
What is the tens digit of 168076622?
2
What is the ten thousands digit of 2252988397?
8
What is the ten millions digit of 58941263?
5
What is the ten millions digit of 38070620?
3
What is the billions digit of 1728800800?
1
What is the thousands digit of 45310181?
0
What is the ten thousands digit of 252338701?
3
What is the tens digit of 271111957?
5
What is the hundreds digit of 11603273?
2
What is the tens digit of 38307475?
7
What is the hundreds digit of 2885044797?
7
What is the ten thousands digit of 185956244?
5
What is the units digit of 359318400?
0
What is the hundreds digit of 180257782?
7
What is the hundreds digit of 1537537451?
4
What is the ten millions digit of 2289944837?
8
What is the hundred thousands digit of 27722061?
7
What is the thousands digit of 1927816421?
6
What is the hundred millions digit of 318227073?
3
What is the hundred millions digit of 389896633?
3
What is the hundred millions digit of 317955907?
3
What is the ten millions digit of 283667065?
8
What is the hundreds digit of 596672823?
8
What is the hundreds digit of 1026288748?
7
What is the millions digit of 805710682?
5
What is the hundreds digit of 416751898?
8
What is the thousands digit of 284313243?
3
What is the tens digit of 2988218567?
6
What is the hundreds digit of 70037155?
1
What is the hundred thousands digit of 922375778?
3
What is the millions digit of 1419452793?
9
What is the millions digit of 1750005542?
0
What is the tens digit of 40169331?
3
What is the thousands digit of 3419951761?
1
What is the millions digit of 1023450614?
3
What is the hundreds digit of 1290905?
9
What is the hundred thousands digit of 54413077?
4
What is the tens digit of 112955103?
0
What is the millions digit of 48501462?
8
What is the hundred thousands digit of 28442240?
4
What is the thousands digit of 44177590?
7
What is the units digit of 4856591?
1
What is the thousands digit of 700748309?
8
What is the hundreds digit of 68433581?
5
What is the units digit of 37869777?
7
What is the ten thousands digit of 2225930886?
3
What is the ten millions digit of 1320720337?
2
What is the thousands digit of 685487?
5
What is the millions digit of 1127612286?
7
What is the hundreds digit of 1255893628?
6
What is the tens digit of 19763107?
0
What is the hundreds digit of 171232318?
3
What is the ten millions digit of 2804843519?
0
What is the thousands digit of 5141188?
1
What is the thousands digit of 135729428?
9
What is the units digit of 706042447?
7
What is the hundred thousands digit of 83421027?
4
What is the tens digit of 234741639?
3
What is the tens digit of 345538304?
0
What is the hundred thousands digit of 40686899?
6
What is the thousands digit of 1687946134?
6
What is the hundred thousands digit of 103557990?
5
What is the ten thousands digit of 93828168?
2
What is the thousands digit of 468824561?
4
What is the hundreds digit of 112374221?
2
What is the billions digit of 2821042148?
2
What is the millions digit of 48753600?
8
What is the hundred millions digit of 285518308?
2
What is the hundred millions digit of 180175050?
1
What is the ten millions digit of 44064590?
4
What is the tens digit of 5350213673?
7
What is the hundred thousands digit of 6397510474?
5
What is the hundred millions digit of 108565039?
1
What is the millions digit of 28823921?
8
What is the hundred millions digit of 618153308?
6
What is the hundreds digit of 52417344?
3
What is the hundred thousands digit of 5815846949?
8
What is the ten thousands digit of 719534744?
3
What is the millions digit of 56487077?
6
What is the hundred thousands digit of 486354596?
3
What is the units digit of 3323582334?
4
What is the millions digit of 137672729?
7
What is the millions digit of 3539981?
3
What is the millions digit of 132921725?
2
What is the hundred thousands digit of 30377566?
3
What is the tens digit of 305179183?
8
What is the hundreds digit of 5911420?
4
What is the units digit of 4486368?
8
What is the ten thousands digit of 1231146807?
4
What is the hundred millions digit of 437442125?
4
What is the hundred thousands digit of 551934406?
9
What is the tens digit of 24673986?
8
What is the ten thousands digit of 183965754?
6
What is the tens digit of 1237293495?
9
What is the tens digit of 184946695?
9
What is the hundreds digit of 1658387706?
7
What is the ten thousands digit of 1385167119?
6
What is the hundreds digit of 6890216?
2
What is the thousands digit of 655099293?
9
What is the thousands digit of 59557266?
7
What is the hundreds digit of 1081838241?
2
What is the hundred thousands digit of 510598351?
5
What is the units digit of 546950823?
3
What is the billions digit of 1982530636?
1
What is the hundred thousands digit of 4502498973?
4
What is the hundred thousands digit of 394801486?
8
What is the millions digit of 1457493530?
7
What is the hundred millions digit of 4028949693?
0
What is the hundred millions digit of 108737465?
1
What is the billions digit of 6537925039?
6
What is the hundred millions digit of 218479436?
2
What is the ten thousands digit of 43806252?
0
What is the billions digit of 2352423018?
2
What is the thousands digit of 44109619?
9
What is the hundreds digit of 1283025177?
1
What is the millions digit of 1303520856?
3
What is the millions digit of 868242351?
8
What is the hundred millions digit of 175236049?
1
What is the tens digit of 386673916?
1
What is the ten thousands digit of 88259761?
5
What is the hundred millions digit of 485696281?
4
What is the millions digit of 1980167514?
0
What is the hundred millions digit of 198734246?
1
What is the hundred millions digit of 309307812?
3
What is the tens digit of 3401653109?
0
What is the ten thousands digit of 1520368499?
6
What is the tens digit of 7214955693?
9
What is the ten thousands digit of 176321258?
2
What is the ten millions digit of 334380877?
3
What is the ten millions digit of 1578523913?
7
What is the hundred thousands digit of 16291166?
2
What is the hundred millions digit of 417440315?
4
What is the tens digit of 50387783?
8
What is the hundred thousands digit of 2032085458?
0
What is the millions digit of 1922884857?
2
What is the billions digit of 1731904329?
1
What is the millions digit of 6424277657?
4
What is the ten millions digit of 79398638?
7
What is the ten millions digit of 982715474?
8
What is the ten thousands digit of 996907124?
0
What is the ten thousands digit of 4159028993?
2
What is the millions digit of 656974737?
6
What is the hundreds digit of 46801764?
7
What is the thousands digit of 2511079788?
9
What is the thousands digit of 17579286?
9
What is the hundred millions digit of 168306735?
1
What is the thousands digit of 2157619702?
9
What is the ten thousands